r) = -8*r**2 - 5*r + 1. Calculate m(-2).
-21
Let w(f) = 12*f + 131. Give w(-11).
-1
Let w(h) = -h**3 - 8*h**2 + 13*h + 11. Give w(-9).
-25
Let t(j) = -3*j - 7. Give t(-3).
2
Let v(k) = -39*k - 7. What is v(0)?
-7
Let m(s) = 3*s - 1. Determine m(-1).
-4
Let r(f) = 7*f + 67. What is r(-10)?
-3
Let a(y) = -y**3 - 4*y**2 + 2*y + 6. What is a(-3)?
-9
Let y(x) = -5*x - 5. What is y(4)?
-25
Let l(r) = -6*r - 36. Give l(-9).
18
Let b(t) = 6*t + 8. Give b(-1).
2
Let x(q) = -q**2 - 7*q + 36. Give x(-8).
28
Let h(t) = -t**3 + 7*t**2 - 2*t + 7. Give h(7).
-7
Let p(i) = 2*i + 22. What is p(-12)?
-2
Let i(t) = 2*t**2 + 4*t + 5. Give i(-2).
5
Let t(m) = -3*m**2 - 22*m + 16. Give t(-13).
-205
Let v(w) = 5*w + 1. Determine v(4).
21
Let k(g) = 6*g + 4. Determine k(-1).
-2
Let l(r) = -r**2 + 10*r - 9. What is l(6)?
15
Let g(l) = -l**3 - 29*l**2 + 27*l - 77. Determine g(-30).
13
Let v(o) = -o**2 - o. Calculate v(-3).
-6
Let a(g) = g**3 + 3*g**2 + 16*g + 96. Determine a(-4).
16
Let s(h) = 26*h**2 - 1. Give s(-1).
25
Let k(m) = -6*m + 49. Determine k(9).
-5
Let x(h) = -6*h + 15. Calculate x(10).
-45
Let o(x) = -x**3 - 15*x**2 + x - 6. What is o(-15)?
-21
Let q(o) = -10*o - 468. Give q(-46).
-8
Let m(p) = p**3 + 8*p**2 + 16*p + 8. What is m(-5)?
3
Let n(d) = d**2 - 11*d - 15. Give n(13).
11
Let h(i) = -3*i**2 + 15*i + 2. What is h(6)?
-16
Let y(c) = -c**3 - 14*c**2 + 11*c - 54. Determine y(-15).
6
Let q(g) = g**3 + 3*g**2 - 5*g - 22. What is q(-5)?
-47
Let v(w) = -w**3 - 9*w**2 - 8*w - 2. Give v(-8).
-2
Let y(p) = -p**3 - 8*p**2 - 4*p + 11. Determine y(-8).
43
Let q(p) = p - 6. Calculate q(5).
-1
Let l(c) = c**3 - 10*c**2 + 3*c - 11. Calculate l(5).
-121
Let v(w) = 7*w**2 - 52*w - 53. Give v(-1).
6
Let a(p) = -33*p + 1. What is a(-2)?
67
Let g(m) = -2*m**2 + 104*m + 100. Determine g(53).
-6
Let g(o) = 2*o**3 - 2*o**2 - 5*o - 4. Determine g(-2).
-18
Let i(d) = -6*d**2 - 4*d - 2. Determine i(-2).
-18
Let d(h) = -2*h**3 - 12*h**2 + 7*h - 21. Determine d(-7).
28
Let f(v) = v**2 - 5*v - 4. What is f(7)?
10
Let t(a) = a + 6. Calculate t(-5).
1
Let n(y) = -12*y - 125. What is n(-10)?
-5
Let p(y) = -y**3 + 16*y**2 + 15*y - 5. Give p(17).
-39
Let c(d) = -6*d + 13. Calculate c(-7).
55
Let c(o) = -o**2 - 11*o - 19. What is c(-9)?
-1
Let p(s) = -s**2 - s + 4. Determine p(-4).
-8
Let w(o) = -o**3 + 15*o**2 - 16*o + 8. Give w(14).
-20
Let v(x) = 5*x + 44. What is v(-7)?
9
Let n(l) = l**3 - 12*l**2 - l + 16. What is n(12)?
4
Let q(r) = 40*r**2 + 2*r + 3. Give q(-1).
41
Let n(v) = 11*v - 26. Give n(3).
7
Let u(k) = -3*k**2 + 5*k - 2. Determine u(4).
-30
Let n(s) = 13*s - 63. Give n(9).
54
Let h(l) = -l**2 - 7*l - 29. What is h(0)?
-29
Let b(l) = -44*l - 707. Determine b(-16).
-3
Let d(u) = u + 21. Give d(0).
21
Let d(u) = -u**3 + 4*u**2 + 8*u - 6. Calculate d(5).
9
Let z(f) = f**2 - 13*f + 6. Give z(16).
54
Let l(b) = 2*b**2 - 9*b - 8. Give l(7).
27
Let a(c) = c**2 + 20*c + 23. Calculate a(-18).
-13
Let u(f) = 2*f**3 - 6*f - 5. Give u(-3).
-41
Let m(u) = 25*u**3 + u**2. Determine m(1).
26
Let x(t) = 15*t + 2. What is x(1)?
17
Let m(u) = 3*u + 39. Determine m(-15).
-6
Let r(o) = -4*o**2 - 7*o + 11. What is r(5)?
-124
Let l(h) = 2*h + 27. What is l(2)?
31
Let g(b) = -3*b - 6. Give g(-6).
12
Let l(z) = -13*z**2 - 4*z + 5. Determine l(3).
-124
Let d(u) = -u**2 - 19*u + 24. What is d(-20)?
4
Let q(c) = -14*c + 8. What is q(-4)?
64
Let p(u) = 4*u - 20. Give p(3).
-8
Let y(s) = 17*s - 7. Calculate y(4).
61
Let x(c) = -c**2 - 6*c - 3. What is x(-5)?
2
Let c(z) = 41*z**2 - z - 5. What is c(-2)?
161
Let d(o) = 2*o**2 - 8*o. What is d(8)?
64
Let x(k) = -k - 9. Determine x(-4).
-5
Let g(j) = 10*j + 28. Determine g(-3).
-2
Let v(g) = 66*g**2 - 3*g + 2. What is v(1)?
65
Let i(t) = -2*t**2 - 17*t - 16. Calculate i(-7).
5
Let o(w) = 3*w - 15. What is o(14)?
27
Let x(j) = j**3 - 9*j**2 + 4*j - 1. Calculate x(8).
-33
Let q(u) = -2*u**3 + 3*u**2 - 2*u. What is q(2)?
-8
Let t(j) = j**2 + 7*j + 12. What is t(-7)?
12
Let d(b) = -b**3 - 2*b**2 - 2*b - 3. Determine d(0).
-3
Let b(r) = -r - 7. What is b(10)?
-17
Let v(q) = 46*q - 104. Give v(2).
-12
Let p(y) = 3*y**2 - 1. Give p(2).
11
Let s(d) = -3*d**2 - 68*d - 49. Determine s(-22).
-5
Let b(j) = j**3 - 9*j**2 - 11*j + 12. Calculate b(10).
2
Let j(c) = -4*c - 6. Calculate j(-4).
10
Let y(u) = 2*u + 29. What is y(-12)?
5
Let a(h) = -h**3 - 9*h**2 - 20*h + 3. Give a(-5).
3
Let d(i) = i**3 - 4*i**2 - 3*i - 2. What is d(5)?
8
Let v(c) = -c**2 - 7*c + 1. Determine v(-6).
7
Let f(m) = -3*m - 4. What is f(6)?
-22
Let c(h) = h**3 - 9*h**2 - 10*h + 3. Determine c(10).
3
Let d(u) = -16*u - 2. Calculate d(-4).
62
Let y(v) = v**2 + 5*v - 29. What is y(-10)?
21
Let z(r) = -r**3 - 18*r**2 + 16*r - 35. Determine z(-19).
22
Let k(q) = -q**3 - 8*q**2 - 3*q - 7. Determine k(-8).
17
Let t(j) = -5*j + 57. Calculate t(11).
2
Let t(q) = 21*q - 39. Give t(10).
171
Let y(v) = v**2 + 20*v + 6. What is y(-20)?
6
Let w(o) = o**3 - 7*o**2 + 5*o - 13. Give w(7).
22
Let g(d) = d**2 - 5*d - 3. Determine g(6).
3
Let i(y) = -y**3 + 33*y**2 - 34*y + 63. Determine i(32).
-1
Let n(c) = c**3 - 17*c**2 + c - 9. Give n(17).
8
Let t(c) = -c**2 - 6*c - 33. What is t(-6)?
-33
Let p(c) = -c**2 + 80*c - 451. Give p(74).
-7
Let i(p) = 2*p**2 - 45*p + 16. Give i(22).
-6
Let w(f) = -2*f**2 + 23*f - 10. Calculate w(10).
20
Let r(x) = -15*x + 153. Give r(10).
3
Let d(i) = -i**3 + 6*i**2 - 7*i + 12. What is d(5)?
2
Let j(h) = -h + 29. What is j(0)?
29
Let c(u) = u**3 - 20*u**2 + 2*u - 10. Determine c(20).
30
Let n(b) = b**2 + 30*b + 73. Give n(-28).
17
Let h(m) = -m**3 - 18*m**2 - 7. Determine h(-18).
-7
Let z(m) = 2*m**3 + 78*m**2 - 79*m + 43. Calculate z(-40).
3
Let t(w) = w**2 + 2*w - 10. Give t(-5).
5
Let u(v) = -v + 32. Give u(39).
-7
Let p(u) = u**2 - 8*u - 10. What is p(10)?
10
Let l(w) = w**3 - 14*w**2 - 11*w - 6. Calculate l(15).
54
Let t(m) = m + 37. Calculate t(-6).
31
Let t(g) = -3*g + 43. What is t(0)?
43
Let m(s) = -s**3 + 4*s**2 + 26*s - 56. What is m(2)?
4
Let z(w) = 2*w**2 - 8*w - 5. What is z(6)?
19
Let m(n) = -11*n - 241. Give m(-22).
1
Let j(s) = -8*s - 26. What is j(4)?
-58
Let s(a) = -5*a - 1. Determine s(2).
-11
Let j(i) = -4*i**3 - 2*i**2 - i + 1. Give j(-1).
4
Let u(b) = -2*b - 3. Give u(-4).
5
Let c(r) = 8*r**3 - 2*r**2 - 5*r - 4. What is c(-1)?
-9
Let z(o) = 13*o - 2. What is z(1)?
11
Let q(n) = 4*n + 10. Calculate q(7).
38
Let h(d) = d**3 - 7*d**2 + 5*d. What is h(7)?
35
Let k(o) = -o**2 - 13*o - 34. Determine k(-10).
-4
Let z(w) = -w**2 - 6*w + 104. Give z(8).
-8
Let j(w) = -3*w + 11. What is j(-6)?
29
Let g(l) = 7*l. Determine g(-3).
-21
Let y(k) = k**3 - 4*k**2 - 5*k - 10. Calculate y(5).
-10
Let u(i) = 2*i + 3. What is u(-5)?
-7
Let y(u) = u**3 - 7*u**2 + 7. What is y(4)?
-41
Let d(q) = -q**3 - 7*q**2 + 8. Calculate d(-6).
-28
Let o(h) = -h**3 - 9*h**2 - 5*h - 1. Determine o(-9).
44
Let s(y) = 7*y + 17. Determine s(-5).
-18
Let u(q) = q**3 + 4*q**2 - 26*q + 54. Determine u(-8).
6
Let j(d) = 114*d - 684. Determine j(6).
0
Let n(o) = -2*o**3 - 13*o**2 - 19*o + 9. Calculate n(-5).
29
Let t(o) = -4*o + 2. What is t(1)?
-2
Let v(x) = 3*x**2 - 2. What is v(2)?
10
Let z(q) = -q - 16. Calculate z(-14).
-2
Let f(w) = -w**3 - 13*w**2 + 31*w + 17. Determine f(-15).
2
Let k(o) = -5*o + 6. Calculate k(7).
-29
Let b(i) = -i**2 - 4*i - 2. Determine b(-4).
-2
Let y(o) = 34*o**2 + o. Calculate y(1).
35
Let v(h) = h**2 - 13*h - 21. Give v(15).
9
Let f(q) = -q**2 + 4*q + 7. Determine f(7).
-14
Let y(q) = q**3 + 18*q**2 - 21*q - 39. Give y(-19).
-1
Let t(z) = z**3 - 9*z**2 - 12*z - 14. Give t(10).
-34
Let b(y) = 4*y**2 + 5*y + 6. What is b(-4)?
50
Let b(y) = -y**3 + 6*y**2 + y - 5. Determine b(4).
31
Let c(y) = 34*y - 93. What is c(4)?
43
Let g(w) = 11*w**2 - 3*w + 2. Determine g(1).
10
Let u(v) = 2*v**2 - 14*v - 5. What is u(5)?
-25
Let l(q) = -q**2 + q + 10. What is l(5)?
-10
Let d(c) = -c**2 - 38*c + 4. Give d(0).
4
Let s(l) = -l**2 + 53. Give s(0).
53
Let m(z) = -z**3 + 11*z**2 - 2*z - 10. Determine m(11).
-32
Let n(o) = 15*o**2 - o - 6. Give n(-3).
132
Let w(r) = r**3 + 13*r**2 - 47*r + 14. Determine w(-16).
-2
Let g(d) = d**3 + 6*d**2 - 10. Calculate g(-5).
15
Let i(p) = -p - 70. Give i(0).
-70
Let d(t) = t**2 - 4*t + 4. Calculate d(5).
9
Let y(h) = -h**2 - 3*h + 5. Determine y(0)